on factor of 92 and 644.
92
What is the highest common divisor of 780 and 26?
26
What is the highest common divisor of 756 and 120?
12
What is the greatest common divisor of 525 and 30?
15
Calculate the highest common divisor of 476 and 2156.
28
Calculate the highest common divisor of 77 and 3256.
11
What is the greatest common factor of 16 and 144?
16
What is the greatest common divisor of 498 and 12?
6
Calculate the highest common factor of 1416 and 2301.
177
Calculate the highest common divisor of 846 and 188.
94
Calculate the greatest common divisor of 34681 and 79.
79
Calculate the highest common divisor of 2 and 4794.
2
Calculate the highest common divisor of 12 and 44.
4
Calculate the greatest common divisor of 343 and 7.
7
Calculate the highest common divisor of 184 and 207.
23
What is the greatest common factor of 6360 and 90?
30
Calculate the greatest common factor of 1 and 64.
1
Calculate the greatest common divisor of 208 and 65.
13
What is the greatest common divisor of 10 and 40?
10
Calculate the greatest common divisor of 87 and 551.
29
Calculate the greatest common factor of 440 and 396.
44
What is the highest common divisor of 10 and 21560?
10
What is the greatest common divisor of 24751 and 53?
53
What is the greatest common factor of 4 and 360?
4
Calculate the greatest common divisor of 6 and 2688.
6
Calculate the greatest common factor of 30 and 66.
6
Calculate the highest common factor of 300 and 8220.
60
Calculate the greatest common factor of 42 and 609.
21
Calculate the greatest common divisor of 112 and 84.
28
What is the highest common factor of 99 and 55?
11
What is the highest common divisor of 28 and 252?
28
What is the highest common factor of 5 and 4985?
5
Calculate the highest common divisor of 12427 and 170.
17
Calculate the greatest common divisor of 115 and 545.
5
Calculate the greatest common divisor of 64 and 2512.
16
Calculate the greatest common divisor of 28 and 133.
7
What is the highest common factor of 17395 and 7?
7
Calculate the highest common factor of 1632 and 384.
96
What is the greatest common divisor of 4 and 1156?
4
Calculate the highest common divisor of 91 and 7.
7
What is the highest common divisor of 585 and 135?
45
Calculate the highest common factor of 148 and 34632.
148
Calculate the highest common factor of 15096 and 96.
24
Calculate the highest common divisor of 35 and 155.
5
Calculate the highest common factor of 4842 and 18.
18
Calculate the greatest common factor of 46 and 6141.
23
Calculate the greatest common factor of 3509 and 116.
29
What is the highest common divisor of 2288 and 88?
88
What is the highest common factor of 70 and 50?
10
What is the greatest common factor of 2064 and 860?
172
Calculate the greatest common factor of 46 and 25990.
46
What is the highest common factor of 32 and 1944?
8
What is the greatest common factor of 640 and 240?
80
Calculate the greatest common factor of 26494 and 26.
26
What is the greatest common factor of 927 and 1442?
103
Calculate the greatest common factor of 11 and 407.
11
What is the highest common divisor of 9591 and 207?
69
Calculate the highest common factor of 8271 and 9.
9
What is the greatest common divisor of 270 and 45?
45
What is the highest common factor of 20 and 2780?
20
Calculate the greatest common divisor of 875 and 77.
7
What is the greatest common divisor of 424 and 53?
53
What is the highest common divisor of 106 and 954?
106
Calculate the highest common divisor of 2355 and 30.
15
What is the highest common factor of 190 and 76?
38
Calculate the highest common divisor of 93 and 3.
3
Calculate the greatest common factor of 12680 and 40.
40
Calculate the highest common divisor of 91 and 1015.
7
What is the highest common divisor of 144 and 36?
36
What is the highest common divisor of 1302 and 28?
14
Calculate the greatest common factor of 52969 and 47.
47
Calculate the highest common divisor of 12 and 564.
12
What is the highest common factor of 200 and 16?
8
Calculate the greatest common factor of 1 and 5953.
1
Calculate the greatest common divisor of 3784 and 86.
86
What is the highest common factor of 14 and 917?
7
Calculate the highest common divisor of 15 and 465.
15
What is the highest common divisor of 644 and 56?
28
Calculate the highest common factor of 380 and 900.
20
Calculate the highest common factor of 170 and 68.
34
Calculate the greatest common factor of 31 and 35743.
31
Calculate the greatest common divisor of 30 and 435.
15
What is the greatest common factor of 10110 and 390?
30
Calculate the highest common factor of 1476 and 18.
18
Calculate the highest common divisor of 2 and 16.
2
What is the highest common factor of 3 and 113?
1
Calculate the highest common factor of 1392 and 54.
6
What is the highest common divisor of 42 and 24591?
21
Calculate the greatest common divisor of 400 and 16.
16
What is the highest common factor of 1836 and 1632?
204
Calculate the greatest common factor of 93 and 7471.
31
Calculate the highest common factor of 150 and 18.
6
What is the highest common divisor of 234 and 18?
18
Calculate the highest common factor of 73 and 2993.
73
Calculate the highest common divisor of 4130 and 59.
59
Calculate the highest common factor of 4 and 100.
4
What is the greatest common divisor of 413 and 14?
7
Calculate the highest common divisor of 7 and 847.
7
Calculate the greatest common divisor of 8502 and 78.
78
Calculate the greatest common factor of 2715 and 60.
15
What is the highest common factor of 112 and 1232?
112
What is the greatest common divisor of 10895 and 10?
5
What is the highest common divisor of 2041 and 1256?
157
What is the greatest common divisor of 5 and 19445?
5
What is the highest common divisor of 2155 and 5?
5
What is the highest common divisor of 7120 and 178?
178
What is the greatest common factor of 26 and 10374?
26
What is the greatest common factor of 11 and 25?
1
What is the highest common divisor of 111 and 9?
3
What is the greatest common divisor of 51740 and 260?
260
What is the highest common factor of 996 and 913?
83
What is the greatest common factor of 34 and 1156?
34
What is the greatest common divisor of 7 and 20342?
7
What is the highest common divisor of 174 and 66?
6
What is the highest common factor of 2 and 6?
2
What is the greatest common divisor of 186 and 6?
6
What is the highest common factor of 23 and 9706?
23
Calculate the highest common factor of 177 and 295.
59
What is the highest common divisor of 385 and 660?
55
What is the highest common divisor of 51 and 17?
17
What is the highest common factor of 1725 and 184?
23
Calculate the highest common factor of 63 and 729.
9
Calculate the greatest common divisor of 131 and 6943.
131
Calculate the greatest common factor of 32 and 992.
32
Calculate the highest common factor of 25 and 625.
25
Calculate the highest common factor of 12110 and 14.
14
What is the greatest common factor of 87 and 145?
29
Calculate the greatest common divisor of 111 and 925.
37
Calculate the greatest common divisor of 80 and 520.
40
Calculate the greatest common divisor of 513 and 95.
19
Calculate the highest common divisor of 1356 and 240.
12
Calculate the greatest common factor of 308 and 140.
28
What is the greatest common divisor of 14625 and 75?
75
What is the highest common divisor of 17 and 68?
17
What is the highest common factor of 1932 and 460?
92
What is the greatest common divisor of 1085 and 525?
35
Calculate the highest common factor of 261 and 87.
87
Calculate the highest common factor of 490 and 170.
10
What is the greatest common factor of 341 and 11?
11
Calculate the greatest common factor of 46 and 5750.
46
What is the highest common factor of 15 and 2?
1
What is the greatest common divisor of 47 and 423?
47
Calculate the highest common divisor of 5265 and 65.
65
Calculate the highest common divisor of 2242 and 236.
118
Calculate the highest common factor of 120 and 200.
40
Calculate the greatest common divisor of 62377 and 147.
49
What is the highest common divisor of 126 and 14?
14
Calculate the greatest common factor of 816 and 51.
51
Calculate the greatest common factor of 330 and 30.
30
What is the highest common divisor of 13 and 793?
13
Calculate the highest common factor of 5 and 4